 - 5*s, 2*s - 3*s = 4*z - 139. What is the units digit of z?
6
Let f(b) = 2*b + 1. Let x be f(-3). Let h = 0 - x. Suppose -4 = h*n - 39. What is the units digit of n?
7
Let c(g) = 3*g**2 + 6*g - 6. What is the units digit of c(-5)?
9
Let i = 148 - -19. What is the units digit of i?
7
Suppose -g + 4*y + 2 = 2*g, -2*g + 4*y = 0. Suppose -17 = -g*q + 9. Suppose 2*v - q = v. What is the tens digit of v?
1
Suppose -3*y - 7*m + 3*m + 25 = 0, 2*y = -4*m + 18. Suppose -y*z = -4*z - 84. What is the tens digit of z?
2
Suppose 24 = 3*k - 0. Let x = -6 + k. Suppose 16 = -x*h + 6*h. What is the units digit of h?
4
Let a be (-12)/(-4) - 6/3. Let q(b) = 18*b - 1. What is the tens digit of q(a)?
1
Let a = -9 + 1. Let c(r) = r + 5. Let i be c(a). Let n(v) = -v. What is the units digit of n(i)?
3
Let p(z) be the first derivative of z**4/4 + 4*z**3/3 - 3*z**2 + 3*z - 4. Let x be p(-5). What is the units digit of (6/9)/(x/156)?
3
Let a be 3/(3/(-1)) + 55. Suppose -v - v = a. What is the units digit of (-141)/v - (-4)/(-18)?
5
Suppose -2 = -4*a + u + 1, 2*u = 2*a - 6. Suppose a = -0*r + r - 35. What is the units digit of r?
5
Let t = 51 + -19. What is the units digit of t?
2
Let u be (15/(-10))/(2/(-4)). Suppose 4*o = 8*o - 5*r - 41, 2*o = -u*r + 15. Let s = 14 - o. What is the units digit of s?
5
Suppose -t + 3 = -2. Suppose -t*h - 2*k - 59 = 0, 0 = h - 3*k + 22 - 0. Let g = 18 + h. What is the units digit of g?
5
What is the tens digit of (-36)/(-10)*((-45)/6)/(-1)?
2
Let f be 3*(-30)/(-9) + -3. Let t(o) = f - o**2 + 10*o + 4 - 7*o + 8*o. What is the tens digit of t(11)?
1
Suppose 520 = 4*i - 788. What is the hundreds digit of i?
3
Suppose 2*o - 94 = 5*j + 64, -4*j = -8. What is the tens digit of o?
8
Let a(p) = p + 11. Let t be a(-6). Let z(c) = -c - 2. Let f be z(-5). Suppose 5*m + 5 = -t*w - 0, -f*m = 4*w + 8. What is the units digit of m?
4
Let h(q) = 16*q - 1. Let c be h(1). Let x = 26 - c. What is the units digit of x?
1
Suppose 44*b - 48*b = -16. What is the units digit of b?
4
Suppose -i + 0*i = -5. Let m be (-1)/(-2) + (-6)/(-4). Suppose m*r = -1 + i. What is the units digit of r?
2
Let w be 92/(-8) - (-1)/2. Let u = 15 + w. What is the units digit of u?
4
Let j(a) = a - 3. Let u be j(7). What is the units digit of 511/28 + (-1)/u?
8
Let r(p) = 3*p. Let w(c) = 12*c. Let o(f) = -9*r(f) + 2*w(f). Let t be o(-2). Suppose 3*u - 13 = q, 3*u = t*u + 4*q - 23. What is the units digit of u?
5
Let t(f) be the first derivative of f**3/3 + f**2/2 - 3*f + 2. What is the units digit of t(-3)?
3
Suppose 0 = -w + 5 - 3. Suppose -u = w*u - 126. What is the tens digit of u?
4
Let a be (43 - 1)*3/6. Let i = -4 + a. What is the tens digit of i?
1
Let y = 25 + 1. What is the tens digit of y?
2
Suppose j - 10 = -4*j. Suppose -q + 36 = j*q. Suppose -4*t + q = -t. What is the units digit of t?
4
Let p be 1 - 2/4*2. Let l(d) = -d**3 + d**2 + 4*d + 3. Let b be l(-3). Suppose -5*i + 39 = -p*w + 4*w, 0 = 4*i - w - b. What is the units digit of i?
7
Let b be (-4 - -1) + 0 + -1. Let o = b + 6. Let w = 10 - o. What is the units digit of w?
8
Let j = 0 + 3. Suppose 4*b + 22 = -5*n, 16 = -5*n - j*b + b. What is the units digit of 1*-1*(n - -1)?
1
Let c(o) = -3 + o + 0 - 2. Let j be c(5). Suppose -5*y = 2*n - 16, j = 2*y - n - 1. What is the units digit of y?
2
Let t(a) be the second derivative of -a**4/12 + 2*a**3 + 3*a**2/2 + a. What is the tens digit of t(10)?
2
Let p be ((-51)/(-1))/(1 - 0). Suppose 0 = 2*j - 17 - p. What is the units digit of j?
4
Let h(g) be the third derivative of -g**6/120 + 3*g**5/20 + g**4/8 - 13*g**3/6 + 3*g**2. What is the units digit of h(9)?
4
Let k be (-8)/((-2)/(-2))*4. Let r = 15 - k. Let i = r - 33. What is the tens digit of i?
1
Suppose 5*y + i - 3*i = 731, -5*i - 15 = 0. What is the units digit of y?
5
Let k(r) = r + 1. Let n(z) = 7*z. Let a(l) = -3*k(l) + n(l). Let t be a(2). Suppose 0 = -3*w - 3*m - 6, 0*w + 4*w = -t*m - 13. What is the units digit of w?
3
Let y(k) = k**2 - 9*k - 1. Let q be y(9). Suppose -3*x - x = 48. What is the units digit of q/4 + (-99)/x?
8
Let f(t) = t**2 - 2*t - 10. Suppose -5*r - 3*r + 72 = 0. What is the tens digit of f(r)?
5
Let s = -208 + 387. What is the units digit of s?
9
Let p be 0*(21/9 + -2). Suppose 0 = 2*b - 4*c + c + 3, p = -c - 1. What is the units digit of (-6 + 0)*b/9?
2
Suppose 3*u - 4*o = 975, -4*u = 2*o - 0*o - 1322. What is the units digit of u?
9
Let y(b) = -9*b**3 + b. Let w be y(-1). Suppose w*z - 40 = 6*z. What is the tens digit of z?
2
Let k = -106 - -70. What is the tens digit of (-8)/k + 151/9?
1
What is the tens digit of (-4)/(-22) + ((-8772)/11)/(-3)?
6
Let d(s) be the second derivative of -s**5/20 - s**4/3 + s**3/3 + 3*s**2/2 + 2*s. Let q be d(-3). What is the units digit of ((-4)/q)/(1/3)?
1
Suppose -v - 200 = -3*v. Suppose 2*q + 3*q = v. Suppose -3*p + q = 5*u - 4*u, 0 = -3*u - p + 28. What is the units digit of u?
8
Let o(v) = 3*v - 26. What is the tens digit of o(21)?
3
Suppose 57*t - 59*t + 708 = 0. What is the hundreds digit of t?
3
Let r(k) = -3*k + 80. What is the tens digit of r(18)?
2
Suppose -b = b - 76. What is the tens digit of b?
3
What is the tens digit of (-7 + (-175)/(-21))/(1/258)?
4
Let d = -21 - -24. What is the units digit of d?
3
Let k(s) = -s**3 - 8*s**2 - 5*s - 5. Let l be k(-8). Suppose 2*g = 7*g - l. What is the units digit of g?
7
Suppose -18*y + 295 = -13*y. What is the tens digit of y?
5
Suppose -5*h - 2297 = 5188. Let n = -776 - h. What is the tens digit of n/35 + (-4)/(-10)?
2
Let s(m) = -m**3 + 2*m**2 - m. Let y be s(3). Let u = -89 - -64. Let t = y - u. What is the tens digit of t?
1
Let j(o) = -o**3 - 2*o**2 + 4*o - 5. Let c be j(-4). Suppose c = -3*q + 35. What is the units digit of q?
8
Let d be 33/2*(-4)/(-6). Let v = d + -6. What is the units digit of v?
5
Let r = -21 + 11. Let x = r - -30. Suppose w + 2*s = 2*w - x, 4*w - 5*s = 83. What is the tens digit of w?
2
Let d(u) = 2*u**3 - 4*u**2 + 4*u - 1. What is the units digit of d(3)?
9
Let l be -1 + 4 + -2 + -4. Let p be (-2)/l + (-31)/(-3). Let g = p - 7. What is the units digit of g?
4
Let u(s) = 2*s - 5. Let n be u(4). Suppose -i = 5*q - 73, -5*q + 5*i + 64 = n*i. What is the units digit of q?
4
Suppose -2*j = -j - 3. Let s = -7 + j. Let v = 11 + s. What is the units digit of v?
7
Suppose 3*d - 10 = -m, 4*d + m - 11 = 4. Let n(x) = x**2 - x + 4 - 1 - d. What is the units digit of n(3)?
4
Let v(r) = -r**2 + 7*r - 3. Let s be v(5). Suppose -3*j - 5*m = 1, -3*m = -j - s*m - 5. What is the units digit of j?
3
Let v = -84 + 48. What is the tens digit of 552/v*(-6)/4?
2
Let g = 0 + 22. What is the units digit of g?
2
Let y(f) = 3*f**3 + 28*f**2 + 9*f - 13. Let l(s) = 2*s**3 + 19*s**2 + 6*s - 9. Let u(v) = -7*l(v) + 5*y(v). What is the tens digit of u(-6)?
1
Suppose 2*j - 2*f + 92 = 540, 2*j - 413 = -5*f. What is the tens digit of j?
1
Suppose 0 = -2*i + p + 183, 0 = 2*i - 2*p - 241 + 55. Suppose -2*v = -7*v + i. Suppose -4*l + x = -51, 2*x = l - 3*l + v. What is the tens digit of l?
1
Suppose 4*q + 4 = 0, 5*b = -4*q + 97 + 44. Suppose -b + 9 = -4*k. What is the units digit of k?
5
Let q(p) = p**3 + 3*p**2 - 4*p + 5. Let n be q(-4). Suppose -n*a = -15 - 15. What is the units digit of a?
6
Suppose 12*z = 810 + 582. What is the units digit of z?
6
What is the tens digit of (-21)/14*(-8)/6 - -25?
2
Let r(v) = -v**3 + 3*v**2 + 5*v + 3. Suppose -b - 5*x = 25, -4 = -2*x - 10. Let w = -6 - b. What is the units digit of r(w)?
7
Let q be 1 + -1 + 2*822. Suppose -4*z = -4*h - 1296, 4*z + q = 9*z + h. What is the units digit of 10/(-45) - z/(-18)?
8
Suppose 3*o = 7*o + 5*g - 190, 39 = o - 3*g. What is the tens digit of o?
4
Let a = 3 + 2. Suppose -3*p = 4 + a. Let u = p + 7. What is the units digit of u?
4
Let u be 6/33 - 40/(-22). Suppose 3*s - 56 = -4*o, u*s + 0*o - 56 = 2*o. Suppose -9 - s = -3*r. What is the units digit of r?
1
Suppose -5 = -2*w + 5, -4*b = w + 3. Let u(r) = r**3 + 2*r**2 + 1. What is the units digit of u(b)?
1
Suppose 0 = -2*t + 10 + 4. What is the units digit of t?
7
Let z(y) = -y**3 + 9*y**2 - 8 + 4*y + 0*y**3 - 3*y**2 + 6*y. What is the units digit of z(7)?
3
Suppose -12*y - 10 = -13*y. What is the tens digit of y?
1
Suppose 4*y - 4 = -8. Let p be ((-1)/y)/((-1)/(-3)). What is the units digit